inder when 97416 is divided by 663?
618
What is the remainder when 62964 is divided by 470?
454
What is the remainder when 23684 is divided by 10?
4
What is the remainder when 6802 is divided by 72?
34
Calculate the remainder when 140014 is divided by 160.
14
Calculate the remainder when 43128 is divided by 77.
8
Calculate the remainder when 3444 is divided by 3082.
362
What is the remainder when 5243 is divided by 279?
221
What is the remainder when 48357 is divided by 13?
10
What is the remainder when 1129 is divided by 87?
85
What is the remainder when 2591 is divided by 81?
80
What is the remainder when 26314 is divided by 8767?
13
What is the remainder when 14009 is divided by 83?
65
What is the remainder when 134138 is divided by 3726?
2
Calculate the remainder when 73207 is divided by 36571.
65
Calculate the remainder when 345544 is divided by 66.
34
Calculate the remainder when 42254 is divided by 1914.
146
What is the remainder when 8507 is divided by 1416?
11
What is the remainder when 1256 is divided by 332?
260
Calculate the remainder when 5586838 is divided by 35.
33
What is the remainder when 94609 is divided by 11822?
33
Calculate the remainder when 21845 is divided by 5451.
41
Calculate the remainder when 301108 is divided by 19.
15
Calculate the remainder when 4488 is divided by 3967.
521
What is the remainder when 1393077 is divided by 312?
309
What is the remainder when 13853 is divided by 140?
133
Calculate the remainder when 791600 is divided by 33.
29
What is the remainder when 300952 is divided by 29?
19
Calculate the remainder when 411 is divided by 256.
155
What is the remainder when 2727 is divided by 5?
2
Calculate the remainder when 17271 is divided by 37.
29
What is the remainder when 10592 is divided by 380?
332
Calculate the remainder when 224845 is divided by 839.
832
Calculate the remainder when 1102 is divided by 1092.
10
What is the remainder when 1317 is divided by 164?
5
What is the remainder when 1917084 is divided by 895?
889
Calculate the remainder when 2234 is divided by 1097.
40
Calculate the remainder when 84702 is divided by 21.
9
Calculate the remainder when 1360 is divided by 118.
62
What is the remainder when 4709571 is divided by 71?
70
What is the remainder when 4647 is divided by 294?
237
What is the remainder when 3217 is divided by 2733?
484
Calculate the remainder when 263046 is divided by 6.
0
What is the remainder when 521384 is divided by 63?
59
What is the remainder when 3280 is divided by 3231?
49
Calculate the remainder when 522 is divided by 209.
104
What is the remainder when 115181 is divided by 149?
4
Calculate the remainder when 225724 is divided by 6270.
4
Calculate the remainder when 18462 is divided by 463.
405
What is the remainder when 5185 is divided by 698?
299
Calculate the remainder when 50736 is divided by 890.
6
What is the remainder when 12413 is divided by 80?
13
What is the remainder when 1787 is divided by 116?
47
What is the remainder when 11497 is divided by 94?
29
What is the remainder when 68847 is divided by 237?
117
What is the remainder when 255 is divided by 161?
94
What is the remainder when 25664 is divided by 25631?
33
Calculate the remainder when 80 is divided by 14.
10
Calculate the remainder when 2819 is divided by 458.
71
What is the remainder when 357144 is divided by 808?
8
Calculate the remainder when 77425 is divided by 156.
49
Calculate the remainder when 1974 is divided by 477.
66
What is the remainder when 3512 is divided by 876?
8
Calculate the remainder when 118996 is divided by 937.
934
What is the remainder when 31799 is divided by 265?
264
Calculate the remainder when 50660 is divided by 16825.
185
What is the remainder when 63868 is divided by 21288?
4
Calculate the remainder when 1937 is divided by 522.
371
What is the remainder when 257 is divided by 33?
26
Calculate the remainder when 186020 is divided by 61994.
38
Calculate the remainder when 5504 is divided by 414.
122
Calculate the remainder when 33258 is divided by 48.
42
Calculate the remainder when 306 is divided by 41.
19
What is the remainder when 16944 is divided by 5640?
24
What is the remainder when 30823 is divided by 1184?
39
Calculate the remainder when 88375 is divided by 87.
70
Calculate the remainder when 16258 is divided by 71.
70
What is the remainder when 6568 is divided by 3035?
498
Calculate the remainder when 25606 is divided by 8518.
52
Calculate the remainder when 24317 is divided by 42.
41
Calculate the remainder when 1421 is divided by 14.
7
Calculate the remainder when 39393 is divided by 539.
46
What is the remainder when 19978 is divided by 917?
721
What is the remainder when 30719 is divided by 15?
14
What is the remainder when 155327 is divided by 35?
32
What is the remainder when 156049 is divided by 52012?
13
Calculate the remainder when 5856 is divided by 806.
214
What is the remainder when 221434 is divided by 5?
4
What is the remainder when 7881 is divided by 24?
9
Calculate the remainder when 7240 is divided by 1033.
9
What is the remainder when 82783 is divided by 9185?
118
Calculate the remainder when 4426 is divided by 1383.
277
Calculate the remainder when 11675 is divided by 271.
22
Calculate the remainder when 9064 is divided by 25.
14
Calculate the remainder when 57180 is divided by 14.
4
What is the remainder when 836 is divided by 323?
190
What is the remainder when 11323 is divided by 14?
11
Calculate the remainder when 1841 is divided by 32.
17
Calculate the remainder when 7515 is divided by 93.
75
What is the remainder when 119683 is divided by 15?
13
What is the remainder when 12931 is divided by 1204?
891
What is the remainder when 2302 is divided by 1145?
12
What is the remainder when 50791 is divided by 16929?
4
Calculate the remainder when 398515 is divided by 40.
35
What is the remainder when 522234 is divided by 16?
10
Calculate the remainder when 843822 is divided by 429.
408
Calculate the remainder when 4094 is divided by 3096.
998
Calculate the remainder when 174452 is divided by 368.
20
Calculate the remainder when 2495 is divided by 509.
459
Calculate the remainder when 44889 is divided by 323.
315
What is the remainder when 5166 is divided by 430?
6
Calculate the remainder when 16310 is divided by 21.
14
What is the remainder when 16531 is divided by 78?
73
Calculate the remainder when 18618 is divided by 1254.
1062
Calculate the remainder when 1687 is divided by 65.
62
Calculate the remainder when 12315 is divided by 3078.
3
What is the remainder when 10073 is divided by 315?
308
What is the remainder when 5950 is divided by 283?
7
Calculate the remainder when 3180 is divided by 1001.
177
What is the remainder when 8573 is divided by 2057?
345
What is the remainder when 18006 is divided by 5965?
111
What is the remainder when 17700 is divided by 3536?
20
What is the remainder when 4001 is divided by 1041?
878
What is the remainder when 8111 is divided by 292?
227
What is the remainder when 2023 is divided by 81?
79
Calculate the remainder when 32131 is divided by 10707.
10
Calculate the remainder when 43558 is divided by 8.
6
Calculate the remainder when 6560 is divided by 5.
0
What is the remainder when 92027 is divided by 16?
11
Calculate the remainder when 11991 is divided by 87.
72
What is the remainder when 18460 is divided by 34?
32
Calculate the remainder when 72102 is divided by 372.
306
What is the remainder when 1909 is divided by 37?
22
Calculate the remainder when 441439 is divided by 9.
7
What is the remainder when 8003 is divided by 3996?
11
Calculate the remainder when 23902 is divided by 367.
47
Calculate the remainder when 1137149 is divided by 855.
854
What is the remainder when 1559 is divided by 526?
507
Calculate the remainder when 12530 is divided by 12507.
23
What is the remainder when 165838 is divided by 78?
10
Calculate the remainder when 782 is divided by 243.
53
Calculate the remainder when 265668 is divided by 59.
50
Calculate the remainder when 45750 is divided by 45732.
18
Calculate the remainder when 15344 is divided by 187.
10
Calculate the remainder when 18742864 is divided by 11.
8
Calculate the remainder when 7728 is divided by 519.
462
What is the remainder when 377815 is divided b